tive of -2*u**3/3 - u**2 + u. Suppose -13 = -4*q + 5*o, q = -4*o + o - 18. List the prime factors of t(q).
2, 5
Suppose 3*m + 4*h - 30 - 26 = 0, h = 3*m - 31. List the prime factors of m.
2, 3
Let k = 8 - 7. Suppose 2*l = -1 + 3. Let z = l + k. List the prime factors of z.
2
Suppose -2 - 2 = -4*y. Let i be (10 - -3)*y*2. Let n = i - 14. What are the prime factors of n?
2, 3
Suppose 4*h = h + 9, w = -2*h - 23. Let d = 42 + w. What are the prime factors of d?
13
Let m(y) = y**3 + y**2 + y - 12. Let s be m(0). Let b be ((-1)/(-2))/(1/s). List the prime factors of (-106)/b + 1/3.
2, 3
List the prime factors of 123/(-39) - -3 - (-4710)/26.
181
Suppose 13*v - 14*v = -5. List the prime factors of v.
5
Let r be 1022/12 - (-11)/(-66). Suppose r = 6*j - j. List the prime factors of j.
17
Let j be 2 - (1*12)/3. Let x be (j*(1 + -2))/1. Suppose -h = m - 16, 0 = -6*h + h + x*m + 94. What are the prime factors of h?
2, 3
Let c(x) = x + 5. Let i be c(-5). Let y = i - -23. What are the prime factors of y?
23
Suppose v - 6 = -17. Let b = v + 19. Let h = b - 2. List the prime factors of h.
2, 3
Suppose h = -h + 32. Suppose -6 = 2*a - 3*y + h, y = a + 9. What are the prime factors of 5/((10/(-4))/a)?
2, 5
Suppose -2*d = 3*q - 21 - 3, -3*d - q = -22. What are the prime factors of d?
2, 3
Suppose -13 = -6*j + 17. Let c(m) = 8*m - 3. Let o(r) = 7*r - 3. Let q(n) = -6*c(n) + 7*o(n). What are the prime factors of q(j)?
2
Suppose -38*r + 966 = -32*r. What are the prime factors of r?
7, 23
Let o(y) = -y**3 - y**2 + y + 10. Let j(l) = -l**3 - 13*l**2 + l + 13. Let p be j(-13). List the prime factors of o(p).
2, 5
Suppose -p + 2*b + 11 = 0, 0 = -5*p + b + 27 + 28. Let q = 19 - p. Suppose -3*k = -q - 13. List the prime factors of k.
7
Suppose -5*o + 14 = y, -4*o + 10 = -5*o + 3*y. Let x(g) = 9*g - 3. List the prime factors of x(o).
3, 5
Suppose -o - 61 = 4*s - 19, 2*s + 5*o + 30 = 0. Let z be 7 + (-5)/(s/4). Suppose 4*h - 33 = -z. What are the prime factors of h?
2, 3
Let f(m) = -4*m + 2. What are the prime factors of f(-2)?
2, 5
Suppose -k = 3*k - 28. Suppose -2*v = l - 7 - k, 5*l - 130 = 5*v. Suppose -u + l = 7. List the prime factors of u.
3, 5
Let q = -22 + 44. Suppose -142 = -6*l - q. List the prime factors of l.
2, 5
Let n = 1 - -1. List the prime factors of (-1)/n + (-35)/(-2).
17
Let l(u) = -u**2 + 6*u + 2. Let k be l(6). Let w = k + 13. List the prime factors of 3/w + 48/10.
5
List the prime factors of (-411)/3*(-1 + 0).
137
Let s(t) = -t**3 + 7*t**2 + 8*t + 8. Let f be s(8). What are the prime factors of 0 + f - (-8 - -7)?
3
Let p(m) = -1 + 0 + 13*m + 2. Let g be p(-1). Let z = -4 - g. List the prime factors of z.
2
Let n(g) = -4 + 3 - 3 + 9*g + 3. What are the prime factors of n(2)?
17
Let n = -5 + 7. List the prime factors of (7/n)/((-7)/(-14)).
7
Suppose -4*a + 11 = 5*u - 16, -5*a + 4*u = -3. Suppose 57 = a*b - 0*b. List the prime factors of b.
19
Let d(x) be the first derivative of -x**2/2 + 59*x - 2. Let i be d(0). Let y = i - 42. List the prime factors of y.
17
Suppose 0*b + 7*b - 56 = 0. What are the prime factors of b?
2
Let w(u) be the second derivative of -u**5/20 + 3*u**4/4 - 5*u**3/6 + 4*u**2 - 2*u. What are the prime factors of w(8)?
2
Let g(f) = 107*f**2 - 1. Let k be g(1). Suppose k = 4*c + y, 6*c = c + 5*y + 120. List the prime factors of c.
2, 13
Let r(q) = 6*q**2 - q + 5. Let x be r(-5). Let f = x + -114. What are the prime factors of f?
2, 23
Suppose -4*c + 2 + 2 = 0. Let t be 1/((4 - c)/6). Let f = 9 + t. List the prime factors of f.
11
Let h(j) = j**3 + 2*j**2 - 3*j + 4. Let a be h(-3). List the prime factors of -9*a/(-8)*2.
3
Let q(y) be the first derivative of -y**3/3 - 7*y**2/2 - 4*y - 2. Let r be q(-6). Suppose -3*a + r*a + 12 = -3*j, -48 = -4*a - j. List the prime factors of a.
2, 3
Let s = 108 + -278. List the prime factors of 6/(-21) + s/(-7).
2, 3
Let j = -31 + 53. Let l = 14 + j. Suppose -l = -h - 3*h. List the prime factors of h.
3
Suppose 477 = 3*h + o - 4*o, 5*o + 481 = 3*h. List the prime factors of h.
157
Let f(g) = 29*g**2 + g. What are the prime factors of f(-1)?
2, 7
Suppose 194 = -x + 4*x - 4*j, 2*x + 5*j - 114 = 0. What are the prime factors of x?
2, 31
Suppose 2 + 13 = 3*u. What are the prime factors of (-6 + u)/((-3)/51)?
17
Suppose -2*t + 3*n = 3, 4*t - 5 = -n + 24. Let x(y) = -y**2 + 7*y - 2. What are the prime factors of x(t)?
2
Suppose 2*s = -2*l + 4*s + 12, -15 = -l + 4*s. Suppose 8*r - 230 = l*r. What are the prime factors of r?
2, 23
Suppose 4*q - 179 = -35. List the prime factors of q.
2, 3
What are the prime factors of -2 - (2/(8/(-4)) - 52)?
3, 17
Suppose 116 - 385 = -4*z - l, -5*l + 223 = 3*z. What are the prime factors of z?
2, 3, 11
Suppose 2*g - 10 = -3*g. Suppose z = 2*v + g*z - 22, v + z - 10 = 0. What are the prime factors of v?
2, 3
Suppose 2*t + 50 = g, -4*t + 74 = -0*g + g. List the prime factors of g.
2, 29
Let c(k) = -2*k + 7. Let d = 6 - 1. Let m be c(d). Let v = 6 + m. What are the prime factors of v?
3
Let j = -58 - -83. What are the prime factors of j?
5
Let d be (-122)/6 - 1/(-3). Let l = 30 + d. Suppose 0 = -i - i + l. List the prime factors of i.
5
Let d(x) = -8*x - 7. Let m be d(-7). Let z = m - 29. List the prime factors of z.
2, 5
Suppose 0 = 5*r + 5, -21 = 5*p - 0*r + r. Let q = -4 - p. Suppose c + c - 4 = q. List the prime factors of c.
2
Let l(i) = i**2 - 6*i + 3. Suppose 0 = -3*t - x - 2*x + 30, t = -4*x + 22. Let k be l(t). Let c(n) = n + 2. List the prime factors of c(k).
5
Let d(k) = 8*k - 2*k**2 + k**2 + 14 - 3. Suppose -4*s + 9 = -3*s. What are the prime factors of d(s)?
2
Let z(b) = -b**3 - 5*b**2 + 6*b + 2. Let m be z(-6). Suppose 3*u + u - 29 = -5*o, 0 = u - m*o - 17. List the prime factors of u.
11
Let n = -6 + 8. Suppose y = 5*y + 5*p - 7, 0 = -5*y - n*p + 30. List the prime factors of y.
2
Let o(l) = 19*l**3 - l**2 + 10*l - 7. Let x(r) = -6*r**3 - 3*r + 2. Let g = -8 - -15. Let d(q) = g*x(q) + 2*o(q). List the prime factors of d(-1).
3
Let l(m) = -m**3 - 4*m**2 + 6*m + 4. Let u be l(-5). Let a(g) = g**2 - g. Let i(t) = t**2 - t. Let s(b) = 2*a(b) - i(b). What are the prime factors of s(u)?
2
Let n = 4 - -4. Let h = 6 - n. What are the prime factors of (4 - -1) + (0 - h)?
7
Let u(a) = 5*a**3 - 4*a**3 - 2*a**2 - 6*a**2 + 7*a + 3. Let o be u(7). Suppose 0*r + 14 = o*r + j, 3*r - 4 = 4*j. What are the prime factors of r?
2
Let p = -18 + 19. Let f be (0/3 + 1)*3. List the prime factors of (8 - 5) + f*p.
2, 3
Suppose 53 = 4*u - 19. Suppose -3*l + u = -9. List the prime factors of l.
3
Suppose -321 = -5*q - 2*n - 0*n, 5*q = -3*n + 324. What are the prime factors of q?
3, 7
Suppose 0 = -2*x + 5*x + 2*y - 53, 5*x - 2*y - 115 = 0. List the prime factors of x.
3, 7
What are the prime factors of 1 + 127 + 12/(0 - 4)?
5
Let r be (-390)/(-7) + (-6)/(-21). Let x = 1 + 8. Suppose 3*f - x = 0, r = 5*p + 2*f + 20. What are the prime factors of p?
2, 3
Suppose -5*y + 0*y = 5. Let g = 5 + y. Suppose -4*p + 36 + g = 5*l, 0 = -l + 5*p + 37. List the prime factors of l.
2, 3
Let z = 8 + -13. Let g = z - -2. List the prime factors of (-4)/(-2) + (0 - g).
5
Let a(d) be the second derivative of d**3/3 + 5*d**2 + 6*d. What are the prime factors of a(10)?
2, 3, 5
Suppose -2*y + 8 = -4*m, -10 = -0*y - 4*y + 2*m. Suppose y*x - 32 = -o, 2*o - 38 = -3*x - 2*o. List the prime factors of x.
2, 3
Suppose -f + 91 = p, 0 = f - 3*p - 6 - 65. What are the prime factors of f?
2, 43
Suppose 3 = a + 1. Suppose 4*z + 2*n = -a, -4*z + 3*n - 20 = -n. Let c = z - -7. What are the prime factors of c?
5
Let n(x) = 2 + 1 + 6*x + 2*x - 2. Let c be n(1). Suppose -4*g - 10 = -c*g. What are the prime factors of g?
2
Let n(m) = -m**2 + 10*m - 10. Let g be n(8). Let y(z) = z**2 - 7*z + 8. List the prime factors of y(g).
2
Let w(i) be the second derivative of 19*i**4/6 - 2*i. Let d be w(-1). Let u = 57 - d. What are the prime factors of u?
19
Let n = -10 + 6. Let g = 8 + n. Suppose -4*s + g = 2*v, -v - 3*s + 8 = v. What are the prime factors of v?
2, 5
Suppose 36 = -4*y - 2*y. List the prime factors of ((-1)/3)/(y/594).
3, 11
Suppose -3*p = -12 - 234. List the prime factors of p.
2, 41
Let n = 27 - 14. What are the prime factors of n?
13
Let f be 7*(-3)/3 + 0. Let o(p) = -3*p - 7. What are the prime factors of o(f)?
2, 7
Sup